ainder when 15 - 1 - (r + -1) is divided by (-4 - -2)*1 - -12*(-13 + 14).
3
Suppose 0*r + 36 = 4*r. Let h(k) = 6*k + 33. Calculate the remainder when h(-2) is divided by r.
3
Suppose 39*j = -2510 + 4967. Suppose -w - 935 = -6*w. Calculate the remainder when w is divided by j.
61
Let c(t) = 4*t**3 + 88*t**2 - 11*t - 176. What is the remainder when c(-20) is divided by 58?
54
Let s = 18 - -209. Let w(q) = 2*q**2 + 11*q + 13. What is the remainder when s is divided by w(-6)?
18
Let j = 244 + -240. Suppose -17 = -5*m + j*z, 4*z = 3*m - m - 14. Calculate the remainder when 5 is divided by m.
0
Suppose -5*v + 421 = 4*a + 86, -3*a = 2*v - 134. Suppose -5*t + 10 = -35. What is the remainder when v is divided by t?
4
Suppose 68*s = 83*s - 525. Calculate the remainder when 123 is divided by s.
18
Let c(l) = l**2 - 3*l + 3. Let q be c(3). Suppose -q*t = t + 24. What is the remainder when 102 is divided by 103/3 + t/72*-8?
32
Suppose 2*p - 104 = -2*p. Let b = p + -8. Let o(u) = -15*u + 215. What is the remainder when o(12) is divided by b?
17
Let i(d) be the third derivative of 2*d**3 + 0 + 1/120*d**6 + 1/6*d**5 - 40*d**2 + 0*d + 5/12*d**4. What is the remainder when i(-6) is divided by 26?
18
Let w = 0 + 132. Let c = 146 - w. What is the remainder when 26 is divided by c?
12
Suppose 24*q = -7*q + 62. Suppose 0 = -2*m + 2*p + 158, q*p + 50 = 4*m - 258. What is the remainder when m is divided by 8?
3
Suppose 168 = 6*c - 9*c. What is the remainder when 62 is divided by ((-75)/(-100))/((-6)/c)?
6
Calculate the remainder when 540 is divided by 1096/10 + (192/(-20) - -9).
104
Let o = 361 + -360. What is the remainder when (12/15)/o*(-1110)/(-12) is divided by 26?
22
Calculate the remainder when 42820/12 + 20/(-60) is divided by 43.
42
Let x(t) = 8*t**2 - 7*t - 16. Calculate the remainder when x(-5) is divided by -7*-2*(-64)/(-28).
27
Suppose 0 = -6*w + 77*z - 74*z + 990, 193 = w + 3*z. What is the remainder when 1142 is divided by w?
128
Suppose -15*k + 2010 + 624 = 459. Calculate the remainder when 510 is divided by k.
75
Let r = 15105 + -13866. Calculate the remainder when r is divided by 9.
6
Let g be (-972)/(-3) + 8 - 12/(-3). Let u = -152 + g. Calculate the remainder when u is divided by 69.
46
Let p be (1 + -16)/(2/(-30)). Let h = 377 - p. Suppose -7234*x = -7250*x + 816. Calculate the remainder when h is divided by x.
50
Let k be 0/((-3 + 7)/(-4)). Suppose k = -0*m - 28*m + 2268. Calculate the remainder when m is divided by 12.
9
Calculate the remainder when 558 is divided by ((9/(-2))/(69/(-161)))/((-24)/(-128)).
54
Let k(h) = 49*h - 2493. Calculate the remainder when k(75) is divided by 32.
30
Let q(p) = -p**3 + p + 1. Let h be q(-3). Let n be h/(-20) - (-13)/4. Suppose -10*s + n*s + 24 = 0. What is the remainder when 14 is divided by s?
2
Let z(a) = a**3 + 19*a**2 + 35*a + 22. Let x be z(-17). Suppose -x*t - 2*q = -q - 80, t = -2*q + 16. What is the remainder when 653 is divided by t?
13
Suppose 0 = -3*d + 1915 - 451. What is the remainder when d is divided by 132?
92
Suppose -30*f - 10665 = -35*f + 5*o, 5*o = 10. Calculate the remainder when f is divided by 12.
11
Let f = 2173 + -2168. What is the remainder when f is divided by 5?
0
Let a(q) = -27*q + 2. Let h(d) = d**3 + 7*d**2 + 11*d + 4. Let j be h(-5). Let u be a(j). Let r = u - 22. What is the remainder when 11 is divided by r?
4
Suppose 2*l = -224 + 236. Calculate the remainder when ((-2208)/72)/(-1 - (-2)/l) is divided by 38.
8
Suppose 140*b + 150*b = 304*b - 406. Calculate the remainder when 225 is divided by b.
22
Suppose 10*c - 30 = 0, 3*h - 26 = -2*c + 10. What is the remainder when (-780)/(-8) + 12/8 is divided by h?
9
Let b(h) = -19*h - 125. Calculate the remainder when 395 is divided by b(-7).
3
Suppose 0 = x + 2*d - 67, -2*x - 18 = -2*d - 134. Let b(m) = -3*m + 4*m - 12 + 5*m - m. Calculate the remainder when x is divided by b(9).
28
Calculate the remainder when 8/(-2) + 12 - (-686)/2 is divided by 29.
3
Let c = 7421 - 6933. Calculate the remainder when c is divided by 63.
47
Suppose 0 = -4*i - 3*r + 842, 3*i - 58*r = -56*r + 623. Calculate the remainder when 1017 is divided by i.
181
Let x = -2858 - -2924. What is the remainder when 226 is divided by x?
28
Let v(j) = -j**2 - 6*j + 3. Let i be v(-4). Let t be i + (0 - -4)/(-4). Let d = t + 37. What is the remainder when d is divided by 10?
7
Suppose -6*h = -72 - 18. Suppose 5*i - 41 - 33 = 2*c, 0 = 5*c - h. Calculate the remainder when 143 is divided by i.
15
Suppose c + 370 = 5*d, -3*d - c + 74 = -2*d. Suppose -d = -f - 0*f. Suppose 0 = -20*z + 296 + 224. What is the remainder when f is divided by z?
22
Let w = -424 - -441. Calculate the remainder when (-5455)/(-17) - (2 - 36/w) is divided by 36.
33
Suppose 22*d = 8*d + 154. Calculate the remainder when ((-30)/4 + -1)*170/(-17) is divided by d.
8
Let l = -4828 - -7086. What is the remainder when l is divided by 118?
16
Suppose -12*a + 656 = -8*a. Let b = 174 - a. Calculate the remainder when 39 is divided by b.
9
Let v be 92/(10/15 - 0). Let u = 288 - v. Calculate the remainder when u is divided by 14.
10
Let c(a) = 106*a**2 - 19*a - 10. Calculate the remainder when c(1) is divided by (-34)/4*(-18)/9.
9
Let t be 28/(-6)*(26/(-4) - -5). Let s(q) = 22 - t - 2*q + q + 0*q. What is the remainder when s(8) is divided by 2?
1
Suppose -56*v + 49*v + 294 = 0. Let l = 188 + 525. What is the remainder when l is divided by v?
41
Suppose 0*d = -m - d + 166, -2*d + 494 = 3*m. Suppose -6643 = -82*b - 2133. What is the remainder when m is divided by b?
52
Let o = -42 + 51. Let m be (18/(-6))/(o/(-12)). Suppose 2*a - 35 = -0*a - 5*v, -a - m*v + 13 = 0. Calculate the remainder when 122 is divided by a.
22
Suppose -369*h + 33534 = -346*h. Calculate the remainder when h is divided by 134.
118
Let v = -3325 - -3359. Calculate the remainder when v is divided by 25.
9
Calculate the remainder when 24280 is divided by (2/(-12))/(462179/13206 - 35).
69
Let z(o) = -15*o - 235. Let k be z(-16). Suppose 0 = 3*i + k*d - 466, i - 19 = d + 123. What is the remainder when i is divided by 54?
39
Suppose -19*f + 16*f + 5*k + 2 = 0, 2*k = -5*f + 24. Calculate the remainder when 50 - 2 - (2 - f) is divided by 38.
12
Suppose 878 = 11*r - 2587. Suppose 4*g + r - 331 = 0. What is the remainder when 11 is divided by g?
3
Let w = -6181 + 6451. What is the remainder when w is divided by 64?
14
Suppose -30*z + 385 = 14*z - 803. Calculate the remainder when 377 is divided by z.
26
Let r(v) = 11*v**2 - 3*v - 1. Suppose 0 = 2*s + 4*y - 6 - 52, 4*y = 5*s - 61. Calculate the remainder when r(-2) is divided by s.
15
Suppose 7*b - 3*b - 4819 = -5*s, b = s - 953. Calculate the remainder when s is divided by 16.
15
Let d(y) = y**2 - 30*y + 29. Let r be d(40). Suppose -r = 690*p - 693*p. What is the remainder when p is divided by 25?
18
Suppose -8*i + 96 = 16. Suppose -5*v = -9*v - 3*u + 106, 5*u = 5*v - 150. What is the remainder when v is divided by i?
8
Let x = -488 - -702. What is the remainder when 694 is divided by x?
52
Suppose -138*k + 82*k = -3080. What is the remainder when 216 is divided by k?
51
Let y(i) = 6*i - 81. Let g(p) = -p - 1. Let m(f) = 6*g(f) - y(f). Suppose -5*q + 2*q + 15 = 0. What is the remainder when q is divided by m(6)?
2
Suppose 2*v = o - 56, -70*v = -5*o - 65*v + 260. What is the remainder when 2203 is divided by o?
43
Suppose u = -3*h + 669, -4*u + 8*h - 3*h = -2727. Let w = u + -671. Calculate the remainder when 347 is divided by w.
4
Let o(k) = -43 - 113*k - 155 + 41*k + 60*k. What is the remainder when 376 is divided by o(-21)?
52
Let y(g) = g**2 - 19*g + 34. Suppose 2*f = 18*d - 13*d - 90, d - 4*f = 18. Let v(p) = -3*p - 6. Calculate the remainder when y(d) is divided by v(-4).
4
What is the remainder when 2255 is divided by -18*(-9 + -3*50/(-18))?
11
Suppose -4*g + 123 = -3*v, v = -2*g + 5*v + 64. Let p = g + -18. Suppose -4*t + 9*t = -r + 16, r = -4. What is the remainder when p is divided by t?
0
Suppose -x - 314 = -5*r, -r + 70 = -7*x + 5*x. Let n = -17 + 53. Calculate the remainder when r is divided by 84/(-10)*(-90)/n.
20
Suppose 807 - 2183 = -4*c - 4*l, -l + 1367 = 4*c. What is the remainder when c is divided by 213?
128
What is the remainder when 72 is divided by (-15)/(-60) - (-3 - (-54